11)/((-1)/(-9)). Calculate the highest common factor of 13 and q.
13
Suppose -5*p = -0*p - 3*d + 127, -3 = 3*d. Let h = -10 - p. Let m be (4 + 2 - -12)*(-32)/(-6). What is the greatest common divisor of h and m?
16
Let d be (4 + -1)/(4/50*150/40). Suppose -4*g + 45 = -39. Let t be (0 - 2) + 2*g. Calculate the greatest common factor of t and d.
10
Suppose -8*j + 460 = -4*j - 4*s, j = 5*s + 115. Let m = -223 + 246. What is the greatest common divisor of m and j?
23
Let o be (-84)/70 - 72/(-10). What is the greatest common divisor of o and 34?
2
Let f(s) = -s**3 + 3*s**2 + 65*s - 22. Let w be f(9). What is the greatest common factor of w and 14?
7
Suppose 0*w = -w + 5*r + 27, -3*w = 3*r - 153. Let k = w - 44. What is the greatest common factor of k and 21?
3
Let m(i) = i**2 - 5*i - 4. Let n be m(6). Let y = -9103 - -9108. What is the greatest common factor of n and y?
1
Let m(g) = -g**2 - 9*g + 78. Let q be m(-14). What is the greatest common divisor of q and 3?
1
Let p(a) be the third derivative of a**5/60 + a**4/8 - 4*a**3/3 + 6*a**2. Let b be p(9). Calculate the highest common factor of b and 20.
20
Suppose -45*d + 385 = -34*d. Calculate the highest common factor of 21 and d.
7
Let z = -921 + 1448. Calculate the highest common factor of 68 and z.
17
Let z(t) = 2*t**2 - 23 - 3*t + 67 + 10*t**2 - t**3. Let y be z(12). What is the highest common factor of y and 128?
8
Suppose -3*y - 4*c = -122, -4*y - 19 = -5*y + 3*c. Suppose 3*k - y = 5*k - 5*w, -w = -2*k - 34. Let r = 3 - k. Calculate the highest common factor of r and 100.
20
Let j be 102/(((-1)/2)/((-3)/9)). What is the greatest common divisor of j and 102?
34
Let w = 311 - 303. Let a = 9 + -1. What is the highest common divisor of a and w?
8
Let v be 2/6 + 66/18. Let t be 44/(-2)*(-10)/v. Let a = -173 + 178. What is the greatest common factor of a and t?
5
Let a = 1574 + -566. Suppose -d - d = -a. Suppose -4*z = -0*z - d. What is the greatest common factor of 18 and z?
18
Let h be (-1 + -1)/((-4)/34). Let v(c) = -c**3 + 6*c**2 - 14*c + 41. Let t be v(4). What is the highest common factor of t and h?
17
Let v(r) be the second derivative of r**5/20 + 13*r**4/12 + 5*r**3/3 - 8*r**2 - 13*r. Let y be v(-12). Calculate the greatest common divisor of 32 and y.
8
Suppose 12 = 5*d + 2. Suppose -4*i - 688 = z, 8*i - 3*i - d*z = -847. Let l be (6/(-9))/(6/i). Calculate the highest common divisor of l and 19.
19
Suppose 21*n - 26*n = -30. Suppose -3*r = -n*r + 60. Calculate the highest common factor of r and 180.
20
Suppose 0 = -5*y - 0*y + 10. Let d(v) = -3 - v**2 - 3*v + 8*v**y - 10*v**2 + 5*v**2. Let n be d(4). Calculate the highest common divisor of n and 51.
17
Let z be 2 - -12 - (0 + 4). Let l = 12 - z. Suppose 0 = 4*w - f - 14, -3 = l*f + 1. Calculate the highest common divisor of 6 and w.
3
Let b be (-5)/(-10) - 23/(-2). Let v = 23 + b. Calculate the highest common divisor of 175 and v.
35
Suppose 5 = f - 10. Suppose -4*a + t - 4 = -5, 2*a - 2*t = 2. Suppose a = -14*n + 10*n + 540. Calculate the highest common factor of n and f.
15
Let s(c) = 3*c**2 + 51*c + 49. Let x be s(-17). Suppose -4*q + 22 + 6 = 0. Calculate the highest common divisor of q and x.
7
Let v = -78 - -79. Let m be ((-620)/12)/(v - 16/12). What is the greatest common factor of m and 31?
31
Let o = 6 - 4. Let j be 8 + -6 - (-392)/o. Let a be ((-22)/(-3))/(1/3). Calculate the greatest common factor of j and a.
22
Suppose 5*q - 130 = 3*j, 0*j + 5*q + 150 = -4*j. Let y = j - -64. Calculate the highest common factor of y and 24.
24
Let a = 68 - 38. Suppose -14 = -2*d - 0*d + p, 3*d + 3*p = a. What is the greatest common factor of 16 and d?
8
Suppose x + 8 = 5*m, -2*m + 13 - 5 = 0. What is the greatest common divisor of 210 and x?
6
Let p(b) be the first derivative of -3*b**4/4 - 7*b**3/3 + 5*b**2/2 - b + 14. Let m be p(-3). Calculate the highest common divisor of 10 and m.
2
Suppose -591 = -40*d - 71. What is the greatest common divisor of d and 2249?
13
Let a be (-7)/(-7) + (-521)/(0 + 1). Let o = -365 - a. Calculate the highest common factor of 62 and o.
31
Let j(g) = -9*g - 38. Let d be j(-17). Suppose 0 = -13*y + 8*y + d. Calculate the greatest common divisor of y and 69.
23
Let v(x) = -4*x**3 - 3*x**2 + 3. Let g be (-3 - (-15)/6)*6. Let a be v(g). What is the greatest common factor of 21 and a?
21
Let n(i) = -i**3 - i**2 - 2*i - 26. Let j be n(-4). What is the highest common divisor of j and 90?
30
Suppose -109 = -2*s - 41. Calculate the greatest common factor of 306 and s.
34
Suppose -24*g - 486 = -3366. Calculate the highest common divisor of 80 and g.
40
Let l = 779 + -647. Suppose -4*b + 9*b - 60 = 0. What is the highest common divisor of l and b?
12
Let k be (-66)/(-110) + (-321)/(-15). Suppose -5*w + 3*w = -66. Calculate the greatest common divisor of k and w.
11
Let w be (-11)/(-3) - 10/(-30). Suppose w*y = -0*y. Suppose y = 2*c - c - 4. What is the greatest common factor of c and 36?
4
Let x be (-80)/(-1) - (-8 + -1 + 5). Calculate the greatest common factor of 42 and x.
42
Let q = -170 + 218. Calculate the greatest common divisor of q and 16.
16
Suppose -127*y - 21 = -151 - 1394. Let d be 12 + (0 - 0/(-1)). What is the greatest common factor of d and y?
12
Suppose 15*u + 384 = 23*u. What is the greatest common divisor of 264 and u?
24
Suppose y = -g + 6*g - 15, 2*g - y - 6 = 0. Let c be (g/(-6))/(-1)*88. Let r = -156 + 222. What is the greatest common factor of r and c?
22
Suppose 0 = 5*m - 362 - 628. Calculate the highest common factor of m and 90.
18
Suppose -35 = -5*b + 5*k, b + 2*k = 2*b - 8. What is the greatest common divisor of 51 and b?
3
Suppose -2*w + 18 = -w. Let v = -85 + 90. Let n = w - v. What is the highest common divisor of 13 and n?
13
Let s = -195 + 100. Let k = -65 - s. What is the greatest common factor of k and 45?
15
Let j(p) = 4*p**3 + 6*p - 5. Let h be j(3). Let s = 19 - 14. Suppose 6*m - 11 = s*m. Calculate the highest common divisor of m and h.
11
Let b(y) = y**2 - 6*y - 7. Let f be ((-9)/(-6))/((-4)/8). Let v be b(f). Let q = 23 - v. Calculate the greatest common factor of 12 and q.
3
Let l be ((-3)/6)/((-1)/(-14)). Let j = l + 31. What is the greatest common divisor of 60 and j?
12
Let t be (-18)/14*(19 - 180). Calculate the greatest common factor of 23 and t.
23
Let i(j) = -6*j + 78. Suppose 10*s = 3*s + 42. Let z be i(s). What is the greatest common divisor of 210 and z?
42
Let r be (-4 - 96/(-14))*7. Suppose 0 = 4*h, -5*g = -0*g - 3*h - 900. What is the highest common divisor of g and r?
20
Let u = 30 + -51. Let a = u + 29. Let p(n) = 13*n + 4. Let w be p(4). Calculate the greatest common factor of w and a.
8
Let q be ((-16)/(-40))/((-2)/20). Let w = 13 + q. Calculate the highest common divisor of 72 and w.
9
Let f(d) = 0 + 0 + 18*d + 9 + 5. Let r be f(5). Let z be (-3)/((-419)/r - -4). Calculate the highest common divisor of 13 and z.
13
Suppose -k - 1 = -3. Suppose 2 = -k*j + 4. Suppose -4*p + 26 = 2*y, 65*p - 3 = 64*p - 4*y. What is the highest common factor of j and p?
1
Let a = -229 - -236. Calculate the greatest common divisor of a and 231.
7
Suppose -5 = -8*u + 3*u. Suppose u = -o + 10. Calculate the greatest common divisor of 81 and o.
9
Let b = -18 + 25. Let h = b - -9. What is the highest common factor of 8 and h?
8
Suppose -9*m + 12*m = 147. Let s = 93 - m. Suppose 7*w - j - 60 = 2*w, j = -5. Calculate the highest common factor of w and s.
11
Let f = 17 + -6. Let c be (2 + 45 - 0) + -3. What is the highest common factor of c and f?
11
Suppose -a - 2*x = -83, 2*x - 99 = -a + 4*x. What is the greatest common factor of 112 and a?
7
Let b be 16/(-4) - 0 - -1. Let s be (-2)/b + 544/(-6). Let w be 0 + 7/((-21)/s). Calculate the greatest common divisor of w and 6.
6
Let k = 15 + -26. Let w = 6 + k. Let r be w/10*11*-8. Calculate the highest common factor of r and 66.
22
Let g be (3/(-4)*-2)/(87/(-116)). Let u = 20 + g. Calculate the highest common factor of 36 and u.
18
Suppose -22*k = -72*k + 18750. What is the highest common divisor of k and 30?
15
Suppose -6*s - 36 = -2*s. Let t(d) = -3*d + 17. Let g be t(s). What is the highest common factor of g and 33?
11
Suppose -2*s + 176 = -4*p, -3*s = -5*p - 48 - 215. Let j = s - 41. What is the highest common divisor of j and 9?
9
Let 